{"id":8,"date":"2020-02-21T09:30:56","date_gmt":"2020-02-21T09:30:56","guid":{"rendered":"https:\/\/dj-masters.com\/?page_id=8"},"modified":"2020-02-21T15:40:13","modified_gmt":"2020-02-21T15:40:13","slug":"strona-glowna","status":"publish","type":"page","link":"https:\/\/dj-masters.com\/","title":{"rendered":"Strona g\u0142\u00f3wna"},"content":{"rendered":"\n<p><strong>DJ-MASTERS<\/strong> zaprasza na wszelkiego rodzaju imprezy taneczne. Prowadzimy imprezy od A do Z. Ka\u017cd\u0105 imprez\u0119 obs\u0142ugujemy w duecie. Zapewniamy wspania\u0142\u0105 atmosfer\u0119, dobr\u0105 muzyk\u0119 &#8211; dostosowan\u0105 do upodoba\u0144 go\u015bci oraz gwarantujemy, \u017ce zabawa z Nami b\u0119dzie udana. <\/p>\n","protected":false},"excerpt":{"rendered":"<p>DJ-MASTERS zaprasza na wszelkiego rodzaju imprezy taneczne. Prowadzimy imprezy od A do Z. Ka\u017cd\u0105 imprez\u0119 obs\u0142ugujemy w duecie. Zapewniamy wspania\u0142\u0105 atmosfer\u0119, dobr\u0105 muzyk\u0119 &#8211; dostosowan\u0105 do upodoba\u0144 go\u015bci oraz gwarantujemy, \u017ce zabawa z Nami b\u0119dzie udana.<\/p>\n","protected":false},"author":1,"featured_media":0,"parent":0,"menu_order":0,"comment_status":"closed","ping_status":"closed","template":"","meta":{"footnotes":""},"class_list":["post-8","page","type-page","status-publish","hentry"],"_links":{"self":[{"href":"https:\/\/dj-masters.com\/index.php?rest_route=\/wp\/v2\/pages\/8","targetHints":{"allow":["GET"]}}],"collection":[{"href":"https:\/\/dj-masters.com\/index.php?rest_route=\/wp\/v2\/pages"}],"about":[{"href":"https:\/\/dj-masters.com\/index.php?rest_route=\/wp\/v2\/types\/page"}],"author":[{"embeddable":true,"href":"https:\/\/dj-masters.com\/index.php?rest_route=\/wp\/v2\/users\/1"}],"replies":[{"embeddable":true,"href":"https:\/\/dj-masters.com\/index.php?rest_route=%2Fwp%2Fv2%2Fcomments&post=8"}],"version-history":[{"count":3,"href":"https:\/\/dj-masters.com\/index.php?rest_route=\/wp\/v2\/pages\/8\/revisions"}],"predecessor-version":[{"id":99,"href":"https:\/\/dj-masters.com\/index.php?rest_route=\/wp\/v2\/pages\/8\/revisions\/99"}],"wp:attachment":[{"href":"https:\/\/dj-masters.com\/index.php?rest_route=%2Fwp%2Fv2%2Fmedia&parent=8"}],"curies":[{"name":"wp","href":"https:\/\/api.w.org\/{rel}","templated":true}]}}